?
False
Is 6427804171 prime?
False
Is 12445915759 a prime number?
False
Is 28893368003 a composite number?
True
Is 117395639 a prime number?
True
Is 7642263974 a composite number?
True
Is 10874649553 a prime number?
True
Is 839110823 a composite number?
False
Is 431625437 composite?
False
Is 199155271 a prime number?
False
Is 39764387981 composite?
True
Is 1785668767 a prime number?
True
Is 30776184811 a composite number?
False
Is 169605523 a prime number?
False
Is 491839207 prime?
True
Is 593541883 a prime number?
False
Is 15246617258 prime?
False
Is 1384411571 a composite number?
False
Is 2087659657 prime?
False
Is 10390467443 a prime number?
True
Is 116166268811 a prime number?
True
Is 153261021919 a prime number?
True
Is 4303850453 prime?
False
Is 37592073737 prime?
False
Is 175658915137 a composite number?
True
Is 327185609 composite?
True
Is 9955073 a composite number?
False
Is 96215799839 a composite number?
False
Is 19842472903 prime?
False
Is 13899429367 prime?
False
Is 43144582301 composite?
True
Is 556573387 a prime number?
False
Is 5483027677 prime?
True
Is 23868321079 prime?
False
Is 287113621 a composite number?
False
Is 83383081 a prime number?
True
Is 5267247367 a composite number?
False
Is 1131534233 prime?
False
Is 31431261333 a prime number?
False
Is 2880021707 a composite number?
True
Is 10876957997 a composite number?
False
Is 20266631801 a prime number?
False
Is 326831009179 composite?
False
Is 20063840503 prime?
False
Is 181487321143 a prime number?
True
Is 9817687618 a composite number?
True
Is 16931209 a composite number?
False
Is 13264042637 a composite number?
False
Is 957948523 a composite number?
True
Is 3166196219 composite?
True
Is 20637221837 a composite number?
True
Is 17096050981 a composite number?
False
Is 1138201969 composite?
True
Is 1693689551 composite?
False
Is 925061509 composite?
True
Is 99973684697 prime?
False
Is 75208334941 a prime number?
False
Is 4120510313 a prime number?
True
Is 998367031 composite?
True
Is 2202574197 a composite number?
True
Is 1486996063 composite?
True
Is 1877751181 prime?
False
Is 19946482271 a prime number?
True
Is 7941672007 a prime number?
True
Is 18238431577 prime?
True
Is 5528241529 a prime number?
True
Is 1053814807 a prime number?
True
Is 498169363 a prime number?
True
Is 2828651437 prime?
False
Is 305625647 prime?
True
Is 693244421 composite?
False
Is 3082608839 a prime number?
False
Is 15467053351 prime?
False
Is 31098817121 a prime number?
False
Is 604087441 a composite number?
False
Is 2665204999 composite?
False
Is 467707913 a prime number?
True
Is 3462191521 composite?
False
Is 8783691727 composite?
False
Is 13453913087 a prime number?
True
Is 26680232963 a prime number?
True
Is 5889999 a prime number?
False
Is 5630449403 composite?
True
Is 1186334761 a prime number?
False
Is 67880873 prime?
False
Is 23127346103 prime?
False
Is 13597125559 prime?
False
Is 36692067703 a composite number?
True
Is 7069233631 a composite number?
False
Is 56436132349 composite?
True
Is 210680669191 a composite number?
False
Is 209410237 composite?
False
Is 7632433147 prime?
True
Is 108146389553 composite?
True
Is 23746852001 prime?
True
Is 29640589219 a prime number?
True
Is 4557097361 a prime number?
True
Is 1030480651 composite?
False
Is 2050349597 a composite number?
False
Is 858560957 a composite number?
True
Is 25409780999 a prime number?
True
Is 2690677819 composite?
False
Is 1254858187 a composite number?
True
Is 1570211009 a composite number?
False
Is 77604962065 prime?
False
Is 130394658063 a composite number?
True
Is 9217375413 a prime number?
False
Is 6248609047 a prime number?
False
Is 404263786 a prime number?
False
Is 3482242843 prime?
True
Is 49136099417 prime?
True
Is 10204685009 a prime number?
True
Is 820576151 a prime number?
True
Is 27620479313 a prime number?
False
Is 1811039029 a composite number?
True
Is 251199203 a prime number?
True
Is 15873337037 composite?
False
Is 3474635807 a composite number?
False
Is 649266685 a composite number?
True
Is 1381371353 a prime number?
True
Is 1715362184065 a prime number?
False
Is 155427887 prime?
True
Is 2860087883 a composite number?
False
Is 34860811 composite?
False
Is 4155022757 a prime number?
False
Is 170834863 a prime number?
True
Is 4212993277 a composite number?
True
Is 1636353463 a composite number?
False
Is 7409426987 composite?
False
Is 174115626109 composite?
True
Is 9139971961 composite?
True
Is 1046476797 a composite number?
True
Is 1932303103 prime?
True
Is 40698039737 a prime number?
True
Is 7616259043 a prime number?
False
Is 301488869 composite?
True
Is 23959073 a prime number?
True
Is 8497517437 prime?
False
Is 1628223277 a composite number?
True
Is 1152273589 a composite number?
True
Is 241605839 composite?
False
Is 364692529 composite?
True
Is 122747969359 composite?
True
Is 18040635065 composite?
True
Is 1131955307 a prime number?
False
Is 6458648099 prime?
True
Is 20561901071 a composite number?
False
Is 32727911 a composite number?
False
Is 15778357311 composite?
True
Is 3323981527 prime?
False
Is 36346885543 a prime number?
False
Is 2963089939 prime?
False
Is 88896673 a composite number?
False
Is 890199997 a composite number?
True
Is 10612101517 prime?
False
Is 603111779 a composite number?
False
Is 25893768209 composite?
False
Is 661193503 a prime number?
True
Is 237296593 a composite number?
True
Is 12979111001 prime?
True
Is 710147657 composite?
False
Is 134537492767 a composite number?
False
Is 7448300677 composite?
True
Is 4933853657 a prime number?
True
Is 582872167 prime?
False
Is 53595072365 composite?
True
Is 1048904831 composite?
True
Is 141901601591 prime?
True
Is 430093667 prime?
True
Is 1979391611 a composite number?
True
Is 111332693 prime?
False
Is 48947748359 a composite number?
True
Is 972394031 a prime number?
False
Is 4181029331 prime?
True
Is 2819998499 composite?
False
Is 85934063 prime?
False
Is 524084689 composite?
False
Is 38326049323 composite?
False
Is 3891323087 composite?
False
Is 200257987 prime?
False
Is 2036966767 a composite number?
True
Is 1361822569 a composite number?
False
Is 51622849 a prime number?
True
Is 5721695107 prime?
False
Is 1197365431 a composite number?
False
Is 15236154767 a prime number?
True
Is 57134997863 a prime number?
True
Is 367702360453 composite?
False
Is 8362915579 a prime number?
False
Is 121585543 a prime number?
True
Is 874228889 composite?
False
Is 293856509 a prime number?
False
Is 6581916631 a composite number?
True
Is 33786554266 a prime number?
False
Is 37661229071 prime?
False
Is 609385739 composite?
False
Is 80344586789 a prime number?
True
Is 5953323223 a composite number?
False
Is 8183499811 a prime number?
False
Is 1869695549 a prime number?
False
Is 1052388361 a composite number?
True
Is 132424711951 a prime number?
False
Is 517681607 a composite number?
False
Is 243954421 prime?
True
Is 9794136727 a composite number?
False
Is 312478339 a prime number?
True
Is 184676887 prime?
False
Is 107422453 a prime number?
False
Is 1132599527 prime?
True
Is 380746039 a prime number?
True
Is 287587631 a composite number?
True
Is 8696578477 a composite number?
False
Is 627645013 composite?
False
Is 14340368657 composite?
True
Is 3211591249 a composite number?
True
Is 684146069 prime?
False
Is 2407429379 prime?
True
Is 27870156233 a prime number?
False
Is 396215237 a prime number?
False
Is 4655648999 prime?
True
Is 89296241 composite?
True
Is 3107308511 prime?
True
Is 2868743221 prime?
False
Is 595106741 prime?
False
Is 7363933609 a prime number?
False
Is 94856299277 prime?
True
Is 124230612081 composite?
True
Is 11148424649 a prime number?
True
Is 211439777 a prime number?
True
Is 121613987 composite?
True
Is 1559381522 prime?
False
Is 16957977197 a composite number?
True
Is 3196861477 prime?
True
Is 2073904969 composite?
False
Is 3738745631 prime?
True
Is 10581870721 a prime number?
True
Is 10223280883 composite?
True
Is 12077764943 a composite number?
False
Is 10602494687 a composite number?
False
Is 65613648109 a prime number?
True
Is 141745679 composite?
False
Is 5248261441 composite?
False
Is 7311874831 composite?
True
Is 4608871579 a prime number?
False
Is 21944844989 a composite number?
False
Is 54835376033 a composite number?